millions digit of 30992694?
0
What is the millions digit of 604632475?
4
What is the hundreds digit of 43206374?
3
What is the hundreds digit of 278234486?
4
What is the tens digit of 6022352?
5
What is the ten millions digit of 180028707?
8
What is the hundreds digit of 52930186?
1
What is the hundred millions digit of 2244220295?
2
What is the ten millions digit of 1516397956?
1
What is the millions digit of 459859608?
9
What is the hundred thousands digit of 96904679?
9
What is the tens digit of 21427699?
9
What is the hundred thousands digit of 969930119?
9
What is the millions digit of 51298900?
1
What is the tens digit of 78779922?
2
What is the millions digit of 219612676?
9
What is the thousands digit of 260653411?
3
What is the ten thousands digit of 901540646?
4
What is the millions digit of 27043327?
7
What is the hundred thousands digit of 432758?
4
What is the billions digit of 2577077335?
2
What is the units digit of 789893446?
6
What is the hundred thousands digit of 30005199?
0
What is the ten thousands digit of 1962255176?
5
What is the ten thousands digit of 617388035?
8
What is the millions digit of 525061501?
5
What is the ten thousands digit of 68981327?
8
What is the hundreds digit of 251190295?
2
What is the units digit of 2684776023?
3
What is the units digit of 185012975?
5
What is the units digit of 3302601416?
6
What is the tens digit of 2896793656?
5
What is the ten thousands digit of 230062459?
6
What is the units digit of 116883983?
3
What is the ten thousands digit of 4446105858?
0
What is the thousands digit of 4579837?
9
What is the units digit of 291519644?
4
What is the millions digit of 51548029?
1
What is the hundred thousands digit of 42132188?
1
What is the tens digit of 26131689?
8
What is the units digit of 4050321742?
2
What is the ten thousands digit of 97723506?
2
What is the units digit of 486945608?
8
What is the ten thousands digit of 1313378704?
7
What is the ten millions digit of 21375452?
2
What is the tens digit of 20229829?
2
What is the hundreds digit of 14819211?
2
What is the ten millions digit of 701472487?
0
What is the tens digit of 47738521?
2
What is the hundreds digit of 397303558?
5
What is the thousands digit of 21955689?
5
What is the ten millions digit of 63128009?
6
What is the hundreds digit of 59124078?
0
What is the hundred thousands digit of 459634805?
6
What is the units digit of 3249187?
7
What is the thousands digit of 1018092707?
2
What is the ten millions digit of 1296293970?
9
What is the millions digit of 28793618?
8
What is the millions digit of 47094278?
7
What is the tens digit of 21356981?
8
What is the ten thousands digit of 464975547?
7
What is the ten thousands digit of 33456003?
5
What is the ten millions digit of 118316818?
1
What is the thousands digit of 722780?
2
What is the units digit of 2181463912?
2
What is the hundreds digit of 652779447?
4
What is the hundred millions digit of 238459382?
2
What is the ten thousands digit of 85622357?
2
What is the ten thousands digit of 22215710?
1
What is the hundred thousands digit of 98446854?
4
What is the tens digit of 628992657?
5
What is the millions digit of 1612681389?
2
What is the hundred millions digit of 259854798?
2
What is the ten millions digit of 56742443?
5
What is the tens digit of 285417568?
6
What is the hundreds digit of 616062419?
4
What is the tens digit of 934728753?
5
What is the units digit of 3598642?
2
What is the millions digit of 244078291?
4
What is the hundreds digit of 3891356369?
3
What is the ten millions digit of 202626611?
0
What is the millions digit of 6861378729?
1
What is the thousands digit of 1878182604?
2
What is the ten millions digit of 11862434?
1
What is the units digit of 17004801?
1
What is the hundred thousands digit of 160562084?
5
What is the units digit of 147919219?
9
What is the hundred millions digit of 193177701?
1
What is the millions digit of 138228223?
8
What is the millions digit of 232029323?
2
What is the units digit of 23520922?
2
What is the tens digit of 178254274?
7
What is the millions digit of 374467432?
4
What is the ten millions digit of 711262430?
1
What is the hundred thousands digit of 686463717?
4
What is the ten thousands digit of 674602171?
0
What is the hundred millions digit of 900133978?
9
What is the units digit of 677253295?
5
What is the millions digit of 50587398?
0
What is the thousands digit of 77592915?
2
What is the millions digit of 117751335?
7
What is the millions digit of 67006669?
7
What is the ten millions digit of 725949961?
2
What is the thousands digit of 715834919?
4
What is the tens digit of 52814454?
5
What is the ten millions digit of 42868520?
4
What is the hundreds digit of 597434580?
5
What is the hundred millions digit of 971167562?
9
What is the thousands digit of 8505429?
5
What is the hundred thousands digit of 1783357600?
3
What is the millions digit of 9588252?
9
What is the units digit of 285851728?
8
What is the hundreds digit of 92872993?
9
What is the tens digit of 99285188?
8
What is the hundred thousands digit of 2619513279?
5
What is the hundred millions digit of 2935806972?
9
What is the hundred thousands digit of 432976310?
9
What is the thousands digit of 222802177?
2
What is the ten thousands digit of 43615187?
1
What is the units digit of 1630458691?
1
What is the millions digit of 1550908659?
0
What is the ten thousands digit of 75919443?
1
What is the thousands digit of 81020215?
0
What is the units digit of 219305510?
0
What is the hundreds digit of 57805467?
4
What is the hundred thousands digit of 122436750?
4
What is the units digit of 246384195?
5
What is the thousands digit of 31963317?
3
What is the units digit of 45494525?
5
What is the millions digit of 75222868?
5
What is the thousands digit of 23876945?
6
What is the hundreds digit of 398894387?
3
What is the tens digit of 271325731?
3
What is the ten thousands digit of 742004203?
0
What is the units digit of 578527903?
3
What is the thousands digit of 765834862?
4
What is the millions digit of 42663877?
2
What is the hundred thousands digit of 62043120?
0
What is the thousands digit of 352374095?
4
What is the units digit of 3104898146?
6
What is the units digit of 544196649?
9
What is the millions digit of 76975639?
6
What is the hundred millions digit of 4493345735?
4
What is the ten thousands digit of 449618461?
1
What is the tens digit of 86000497?
9
What is the tens digit of 14089578?
7
What is the thousands digit of 37729176?
9
What is the hundreds digit of 23289267?
2
What is the units digit of 270187072?
2
What is the hundred millions digit of 270604805?
2
What is the tens digit of 27667804?
0
What is the hundreds digit of 45050172?
1
What is the ten thousands digit of 606769606?
6
What is the hundred thousands digit of 645703735?
7
What is the hundred millions digit of 124879702?
1
What is the millions digit of 1052757589?
2
What is the hundred thousands digit of 5400343707?
3
What is the ten thousands digit of 117957109?
5
What is the hundreds digit of 138333108?
1
What is the hundreds digit of 2735915966?
9
What is the units digit of 56852003?
3
What is the hundred thousands digit of 899495398?
4
What is the hundreds digit of 1037538526?
5
What is the units digit of 547140285?
5
What is the millions digit of 40404106?
0
What is the hundred millions digit of 3716814679?
7
What is the tens digit of 79722917?
1
What is the tens digit of 2064628942?
4
What is the thousands digit of 378626950?
6
What is the units digit of 26099945?
5
What is the millions digit of 354855239?
4
What is the hundreds digit of 2182700540?
5
What is the hundreds digit of 539125330?
3
What is the hundreds digit of 3473039504?
5
What is the millions digit of 38291406?
8
What is the ten thousands digit of 69983020?
8
What is the ten millions digit of 45392846?
4
What is the units digit of 69415617?
7
What is the millions digit of 69530319?
9
What is the millions digit of 1416388073?
6
What is the tens digit of 311145897?
9
What is the ten millions digit of 296945944?
9
What is the thousands digit of 56281130?
1
What is the hundred thousands digit of 2256708817?
7
What is the hundreds digit of 79001404?
4
What is the hundreds digit of 158477601?
6